ts digit of h/(-24) - 1/4?
8
Suppose 3*t = 7*t - 956. What is the hundreds digit of t?
2
Suppose -5*y + 17 = -3. Suppose -4*s = -s + 4*l - y, 2 = -s - 3*l. What is the units digit of s?
4
Let q(c) = 0 + 1 + 9*c - 2*c**2 - 2*c**2 + 5*c**2. What is the units digit of q(-9)?
1
Suppose -2*x - a = -101, -5*x - 3*a = -4*x - 53. What is the tens digit of x?
5
Let m be 11/3*18/2. Suppose 3*c - m = -0*c. What is the tens digit of c?
1
Let c be 72/16*(-4)/(-6). Suppose c*t + 2 = 2*t. What is the units digit of 22/12*t*-3?
1
Let h = -7 - -7. Suppose -3*m - 2 + 8 = h, -s + 2*m = -2. What is the units digit of s?
6
What is the units digit of (3/(-2))/((-48)/160)?
5
Let w(s) = -36*s**3 - 3*s**2 + s + 3. What is the units digit of w(-2)?
7
Suppose 3*i + 12 = 0, 4*l + 2*i = -2*i + 496. Suppose 5*n - n - l = 0. What is the units digit of n?
2
Let b = 43 + 1. What is the tens digit of b?
4
Let r = 0 - 0. Let d = 0 + r. Suppose 0*n - 4*n + 36 = d. What is the units digit of n?
9
Suppose 3*g - 2*h - 33 = 41, -5*g + 160 = 4*h. What is the tens digit of g?
2
What is the tens digit of -21*((-100)/12 - -4)?
9
Let y = 693 - 463. What is the hundreds digit of y?
2
Let d = 8 - -24. Suppose -2*h = 5*v - 159, v - 2*h - d = -5. What is the units digit of v?
1
Suppose -4*q + 0*q = 5*w - 53, 4*w = 3*q - 1. Suppose 4*j = -0*d + 3*d - 36, d - q = 3*j. What is the tens digit of d?
1
Let h = 65 + -35. Suppose 2*p + 0*j = -2*j + h, -20 = -4*j. What is the tens digit of p?
1
Suppose 4 = 2*f + 2*t, 0 = -5*f + 3*f - 5*t - 11. Let w = 3 + f. What is the units digit of w?
0
Suppose 0 = 4*t + 2*a + 3*a - 81, a = -4*t + 93. What is the tens digit of t?
2
Let k(x) = 3*x**3 + 32*x**2 + 12*x + 12. Let t(q) = -7*q**2 + 4*q + q**3 + 14*q**2 + 4*q**2 + 4. Let d(h) = 6*k(h) - 17*t(h). What is the units digit of d(-4)?
4
Suppose -1935 = -5*i - 3*t, 22*i - 21*i - 380 = -2*t. What is the tens digit of i?
9
Let b = -3 - -6. What is the units digit of b?
3
What is the units digit of 4/(-22) - 1724/(-44)?
9
Suppose -q + 452 = 3*m + 4*q, 0 = q - 1. What is the tens digit of m?
4
Let z(u) = 0 - 11 - 3*u + 2. Suppose -4*j = a + 25, -j + 2*j = -2*a - 8. What is the units digit of z(j)?
9
Let x(n) = n**2 + 3*n - 2. Let l = 4 - 1. Let z be x(l). Suppose 5*k - 9 - z = 0. What is the units digit of k?
5
Let y = -36 - -22. Suppose 5*b + 3*f = 90, -3*b + 0*f = f - 54. What is the units digit of (-2)/7 - b/y?
1
Suppose -2*b + 8 = 0, -2*a - 4*b + 214 - 44 = 0. What is the units digit of a?
7
Suppose -4*l + 7*l = -9. What is the tens digit of 1*20/(-6)*l?
1
Let t be 0*((-6)/3 + 1). Suppose -5*g + 20 = -5*k - 0*k, t = 2*g + 4*k - 2. Suppose -5*y + 66 = 5*m - g*y, 4*y - 72 = -5*m. What is the tens digit of m?
1
Suppose -2*q - q + 5*h - 11 = 0, -4*q = -h - 8. Let z = q + 17. What is the units digit of z?
0
Suppose -o + 5*h + 4 = -3*o, -5*o - h = -13. Suppose 0 = -2*g + o*g - 2. Suppose -y - 4*n = -14, g*y = n - 3*n + 40. What is the units digit of y?
2
Suppose n - 5*s = 4, 2*n = 3*s + 7 + 15. What is the units digit of n?
4
Let z(s) = -s**3 - 7*s**2 - 6*s + 3. Let b = -7 - -1. Let t be z(b). Suppose -5*c + 25 = 3*h, -15 = -t*c + 5*h - 0*h. What is the units digit of c?
5
What is the units digit of (-3)/2*(-64)/24?
4
Let f be ((-5)/(-3))/((-2)/6). Let s be ((-4)/f)/(3/30). Let k = 1 + s. What is the units digit of k?
9
Suppose -3*i + 6*t - t = -125, 4*t - 36 = -i. Suppose -4*m = 5*c - i, -6 = -2*m + c + 14. What is the tens digit of m?
1
What is the units digit of 4/3*15/10?
2
Let k(d) = -d**3 + 9*d**2 - 8*d - 2. Let f be k(8). Suppose 0 = 4*o - 2*o - 8. What is the units digit of 3 + (f + o)*-1?
1
What is the units digit of ((-93)/6)/((-5)/30)?
3
Suppose 3*t = y - 0*t - 30, -5*y + 3*t + 90 = 0. Suppose 11 + y = 2*u - m, 3*u - m = 39. What is the tens digit of u?
1
Suppose 0 = 6*b - 10*b + 968. What is the hundreds digit of b?
2
Suppose 2*m - 5 = -4*f + 209, -5*m = 3*f - 157. Suppose -f = -v - v. What is the tens digit of v?
2
Suppose 41*l - 38*l = 147. What is the tens digit of l?
4
Let v(i) = i**3 + 6. Let o be v(0). Let c be 0/(o/(-3)) - 0. Suppose 5*w = 2*a + 8, c = 5*a + 2*w - 5 - 33. What is the units digit of a?
6
Let r(d) = d**2 + 7*d + 4. Let l be r(-6). What is the units digit of (12 + 1)*(l - -3)?
3
Let d(a) = -a**3 + 4*a**2 + a + 1. Let w be d(2). Let t(g) = -16*g**2 + 8. Let u(r) = -5*r**2 + 3. Let h(q) = w*u(q) - 4*t(q). What is the units digit of h(1)?
0
Suppose c - 9 - 5 = 0. What is the units digit of c?
4
What is the units digit of 13*(4 + 4 + -4)?
2
Suppose -4*v + 10 + 26 = 0. Let z = -4 + v. Suppose 38 = z*y - 2*f, 3*y - 3*f = -4 + 34. What is the units digit of y?
6
Suppose 2*i = 6*i + 36. What is the units digit of i/(4 + (-105)/24)?
4
Let n = 4 - -2. Suppose n + 0 = 2*q. Suppose -3*y - y + 5 = -3*x, -5*y + 7 = -q*x. What is the units digit of y?
2
Let b be (8/10)/((-3)/(-15)). Let n be b/14 - 141/(-21). What is the units digit of (6/n)/((-1)/(-7))?
6
Let j(l) = -15*l**3 + 3*l**2 + 2*l. What is the hundreds digit of j(-2)?
1
Let h(x) = x**3 + x**2 + 2*x. Let s be h(-2). What is the tens digit of s*(-1)/(6/9)?
1
Let o(k) = -4*k - 4. Let a be (5/15)/(2/(-18)). Let y = a - 3. What is the tens digit of o(y)?
2
Suppose -4*z + 5*i + 0*i = -28, 0 = -3*z - 5*i - 14. Suppose -z*t + 60 = t. What is the tens digit of t?
2
Let u = 110 + -58. What is the units digit of u?
2
Suppose 5*u - 10 + 0 = 0. Suppose u*n + 3*h = 10, -5*n + 0 + 30 = 5*h. Suppose 10 + n = 3*d. What is the units digit of d?
6
Let b be 12*3/(6 + 3). What is the units digit of (9/(-6))/(b/(-24))?
9
Suppose 0 = 2*u - 175 - 175. What is the hundreds digit of u?
1
Suppose -4*x + 92 = -0. What is the units digit of x?
3
Suppose h = 2*g - 11, 3*g - 19 - 8 = 5*h. Let t = 17 - h. What is the units digit of t?
0
Let b(r) = r**2 + 20*r + 18. What is the tens digit of b(9)?
7
Let i(r) = -r + 7. What is the units digit of i(6)?
1
What is the units digit of 6/(-3) + 1/(5/215)?
1
Let l = -6 - -6. Let i(q) = q + 8. Let h be i(-7). What is the units digit of (-4)/(-2 + l + h)?
4
Let m(v) = -2*v - 8. Let a be m(-6). Suppose 6 = -a*w - 6. What is the units digit of 1 + (9 + w - -1)?
8
Suppose 0 = 5*z + 10, -4*z + 12 + 8 = q. What is the units digit of 1*q + (-2)/2?
7
What is the units digit of 0/(0 + -2) - (-5 + -111)?
6
Let y(h) = -10*h**2 - h + 1. Suppose -5*g + k - 5*k = -25, -2*g - 5*k + 27 = 0. Let b be y(g). Let z = b - -19. What is the units digit of z?
9
Suppose 2*h - 4*h = -12. Let o be 5/2 + 3/h. Suppose -2*p = o*p - 60. What is the units digit of p?
2
Suppose -4*k = 8, -1 = -3*x - 4*k + 18. Suppose 0 = -0*g - 5*g + 20. Suppose -x = g*r - 49. What is the units digit of r?
0
Let j = -1 - -4. Let t(p) = p**2 - p + 3. What is the units digit of t(j)?
9
Suppose -2*d = -186 - 72. What is the hundreds digit of d?
1
What is the units digit of (-30)/4*(-12)/15?
6
Let g = 233 + -151. What is the units digit of g?
2
Let b(k) = -k**2 + k - 24. Suppose -4*a - 15 = -5*p - 0*p, 0 = -p + 3. Let d be b(a). Let j = d - -38. What is the tens digit of j?
1
Suppose -1 - 2 = -3*a. Let f = a - -3. What is the units digit of f?
4
What is the tens digit of 8 + 29 - (-4)/1?
4
Suppose 3*n - 20 = -2*n. Suppose -b + n*b = 69. What is the tens digit of b?
2
Suppose -5*k - 25 = -5*p, 2*p + 2*k + 10 = 7*p. What is the units digit of 2 + (2 - 3) + p?
1
Let b = 161 + -128. What is the units digit of b?
3
What is the units digit of (-3)/(-1 + 3/12)?
4
Suppose -5*k + r + 177 = 0, -4*r = 3*k + 14 - 111. What is the tens digit of k?
3
Let f = 5 - 3. Let v(j) = j**2 + 2*j - 3. What is the units digit of v(f)?
5
Let d = -78 + 112. What is the tens digit of d?
3
Let i be 1/3 - 2/6. Suppose 4 = -i*v + v. Suppose -v*g = -g - 18. What is the units digit of g?
6
Suppose z - 4 = 0, r - 2*z - 98 = z. What is the units digit of r?
0
Let z = 20 - 17. What is the units digit of z?
3
What is the units digit of 12 + -17 + (-238)/(-2)?
4
Suppose j + 0*j = 0. Let q(r) = -5*r**3 - 4*r**2 - 3*r - 4. Let u(t) = 11*t**3 + 9*t**2 + 7*t + 8. Let i(c) = -9*q(c) - 4*u(c). What is the units digit of i(j)?
4
Let w(k) = k**3 - 8*k**2 - 10*k + 13. Let h be w(9). What is the units digit of -15*-2*2/h?
5
Let o = -83 + 133. What is the units digit of o?
0
Let p be (-1 - 6/(-3))*8. Suppose 0 = -4*i + p*i - 4